3666640?
3
What is the hundreds digit of 57592903?
9
What is the hundred thousands digit of 3305225818?
2
What is the millions digit of 156941424?
6
What is the ten thousands digit of 1731645161?
4
What is the ten millions digit of 20346576?
2
What is the thousands digit of 12613900?
3
What is the tens digit of 97468480?
8
What is the ten millions digit of 997787179?
9
What is the hundred thousands digit of 863570454?
5
What is the thousands digit of 144631093?
1
What is the millions digit of 2153304808?
3
What is the hundred thousands digit of 163965183?
9
What is the millions digit of 1070201386?
0
What is the hundred millions digit of 380434278?
3
What is the hundred thousands digit of 3776037191?
0
What is the thousands digit of 376774795?
4
What is the hundred millions digit of 1000397480?
0
What is the thousands digit of 237975897?
5
What is the tens digit of 127079375?
7
What is the ten thousands digit of 278167485?
6
What is the thousands digit of 161717679?
7
What is the ten thousands digit of 22454085?
5
What is the thousands digit of 36209196?
9
What is the hundred thousands digit of 33913194?
9
What is the hundred thousands digit of 278617926?
6
What is the hundreds digit of 114090041?
0
What is the millions digit of 1903779159?
3
What is the units digit of 330675179?
9
What is the ten millions digit of 63573204?
6
What is the ten thousands digit of 934903382?
0
What is the hundred thousands digit of 25578662?
5
What is the millions digit of 244996593?
4
What is the ten thousands digit of 397745192?
4
What is the tens digit of 22497737?
3
What is the ten thousands digit of 409564332?
6
What is the ten thousands digit of 144306578?
0
What is the hundreds digit of 78483041?
0
What is the thousands digit of 211341748?
1
What is the hundred thousands digit of 170133134?
1
What is the ten millions digit of 26496513?
2
What is the millions digit of 30321198?
0
What is the hundreds digit of 1803713493?
4
What is the units digit of 269062486?
6
What is the ten millions digit of 1431900330?
3
What is the hundreds digit of 74612702?
7
What is the millions digit of 107685332?
7
What is the tens digit of 19323867?
6
What is the units digit of 9810845?
5
What is the tens digit of 1015059140?
4
What is the ten millions digit of 242781830?
4
What is the thousands digit of 31193107?
3
What is the thousands digit of 757859965?
9
What is the tens digit of 49393456?
5
What is the billions digit of 1342440828?
1
What is the ten thousands digit of 1869973216?
7
What is the tens digit of 426257721?
2
What is the hundreds digit of 151205683?
6
What is the hundred thousands digit of 4325786276?
7
What is the units digit of 142716576?
6
What is the tens digit of 212424657?
5
What is the hundreds digit of 84791998?
9
What is the ten millions digit of 38748717?
3
What is the thousands digit of 45639913?
9
What is the tens digit of 17953106?
0
What is the units digit of 246181429?
9
What is the millions digit of 38444014?
8
What is the tens digit of 479738155?
5
What is the units digit of 98770124?
4
What is the hundred thousands digit of 1639504062?
5
What is the thousands digit of 65320555?
0
What is the ten millions digit of 1016751909?
1
What is the ten millions digit of 2699570936?
9
What is the ten thousands digit of 4896280?
9
What is the units digit of 484484357?
7
What is the hundred thousands digit of 355607508?
6
What is the billions digit of 3047647711?
3
What is the ten millions digit of 586881717?
8
What is the units digit of 3369220100?
0
What is the hundred thousands digit of 166646714?
6
What is the ten millions digit of 376461049?
7
What is the hundreds digit of 9418444?
4
What is the thousands digit of 41364813?
4
What is the thousands digit of 218433750?
3
What is the hundred millions digit of 2707294188?
7
What is the hundreds digit of 263689425?
4
What is the hundreds digit of 1920641950?
9
What is the hundred millions digit of 123220103?
1
What is the thousands digit of 329855371?
5
What is the tens digit of 21135677?
7
What is the millions digit of 2825780780?
5
What is the hundred millions digit of 436691846?
4
What is the ten millions digit of 101235329?
0
What is the tens digit of 2241053412?
1
What is the ten thousands digit of 1609332885?
3
What is the units digit of 1033054804?
4
What is the hundred millions digit of 1306703574?
3
What is the hundred thousands digit of 4183136096?
1
What is the ten millions digit of 70450857?
7
What is the tens digit of 611042514?
1
What is the thousands digit of 203775826?
5
What is the millions digit of 175498798?
5
What is the hundred millions digit of 195299580?
1
What is the units digit of 174215215?
5
What is the millions digit of 113063609?
3
What is the ten thousands digit of 2536207499?
0
What is the hundred thousands digit of 213835715?
8
What is the millions digit of 205002949?
5
What is the millions digit of 33108835?
3
What is the millions digit of 1810598025?
0
What is the ten thousands digit of 4262072534?
7
What is the billions digit of 1335325408?
1
What is the thousands digit of 149009751?
9
What is the ten thousands digit of 3199153450?
5
What is the ten thousands digit of 4695953070?
5
What is the ten thousands digit of 283968385?
6
What is the units digit of 47755950?
0
What is the ten millions digit of 111004796?
1
What is the ten thousands digit of 162757235?
5
What is the millions digit of 22352005?
2
What is the thousands digit of 496732282?
2
What is the hundreds digit of 1922679562?
5
What is the units digit of 78448439?
9
What is the tens digit of 54095262?
6
What is the millions digit of 199495268?
9
What is the thousands digit of 93776192?
6
What is the units digit of 39524952?
2
What is the units digit of 20362769?
9
What is the thousands digit of 84804269?
4
What is the hundreds digit of 1473114119?
1
What is the thousands digit of 181386285?
6
What is the tens digit of 473109748?
4
What is the tens digit of 105643185?
8
What is the millions digit of 233547295?
3
What is the millions digit of 5733437?
5
What is the hundreds digit of 692001626?
6
What is the thousands digit of 95664042?
4
What is the hundred thousands digit of 51032190?
0
What is the tens digit of 29721979?
7
What is the units digit of 39973926?
6
What is the billions digit of 4711901866?
4
What is the millions digit of 22210924?
2
What is the hundred millions digit of 593051098?
5
What is the units digit of 207251394?
4
What is the millions digit of 1246315924?
6
What is the units digit of 374678418?
8
What is the units digit of 1221329762?
2
What is the tens digit of 275721913?
1
What is the ten millions digit of 99601542?
9
What is the hundreds digit of 142491934?
9
What is the hundreds digit of 171945113?
1
What is the hundred millions digit of 1279600561?
2
What is the hundred thousands digit of 49301648?
3
What is the hundred millions digit of 4663744930?
6
What is the thousands digit of 118177575?
7
What is the thousands digit of 1605392579?
2
What is the ten thousands digit of 1324323882?
2
What is the thousands digit of 10638267?
8
What is the hundreds digit of 11954990?
9
What is the hundreds digit of 595056715?
7
What is the millions digit of 55834519?
5
What is the thousands digit of 513571318?
1
What is the millions digit of 927564222?
7
What is the millions digit of 63027523?
3
What is the tens digit of 6493025?
2
What is the hundred millions digit of 1003050484?
0
What is the tens digit of 28277987?
8
What is the units digit of 12468215?
5
What is the tens digit of 179401689?
8
What is the hundred millions digit of 627573223?
6
What is the millions digit of 43981718?
3
What is the hundred millions digit of 851820873?
8
What is the hundreds digit of 62711919?
9
What is the units digit of 325397142?
2
What is the hundred thousands digit of 899193861?
1
What is the hundreds digit of 1540778843?
8
What is the ten millions digit of 636267291?
3
What is the tens digit of 2367256?
5
What is the thousands digit of 138997463?
7
What is the tens digit of 333735697?
9
What is the tens digit of 1466875231?
3
What is the units digit of 555056559?
9
What is the ten millions digit of 3920094995?
2
What is the billions digit of 1169196242?
1
What is the thousands digit of 608532244?
2
What is th